ppose -5*z + 12 = 3*g, g + z + 3 = -3*z. Suppose -4*q + 43 = 3*d, q + d + g = 3*q. List the prime factors of q.
7
Let j = -52 - -54. What are the prime factors of j?
2
Suppose 28 = f + 6. List the prime factors of f.
2, 11
Let u(w) = w**3 + w**2 - w + 2. Let b be u(2). Suppose 2*x - b = -4*r, 3*r = 2*x - 1 + 10. Suppose 0 = -r*q + 2*q + 10. List the prime factors of q.
2, 5
Let h = 5 - -2. What are the prime factors of h?
7
Suppose 5*h = -0*h + 265. List the prime factors of h.
53
Let t = 3 + -7. Suppose 2*d = -5*p + 3*p - 12, -24 = -d + 5*p. List the prime factors of (d - (t - -2))*9.
3
Suppose 3*u = -12 - 54. Let l = -16 - u. What are the prime factors of l?
2, 3
Suppose -q + 2 = 3*l - 5, 2*l - 7 = -3*q. Suppose -2*a = -0*a - 6. Suppose 0 = l*z - h - 3*h - 12, -a*h - 13 = -2*z. What are the prime factors of z?
2
Suppose g - 4*w + 22 = 0, 0*g + 2*g = -5*w + 21. Let l(i) = 9*i - 6*i - i**3 - 2 - 2*i. What are the prime factors of l(g)?
2
Let h(z) = 0*z**3 - 6*z**2 - 1 - 3 - z**3 - z. Let n(l) = 6*l**3 + 31*l**2 + 6*l + 21. Let v(r) = -11*h(r) - 2*n(r). List the prime factors of v(3).
2
Suppose -54 = -o - 4*b, b - 128 = -4*o + 73. What are the prime factors of o?
2, 5
Suppose 4 = 16*w - 14*w. Let n be (-4)/(-2) - (1 - 1). Suppose -3*v + n*v + 3*m + 5 = 0, -4*m = w*v - 30. List the prime factors of v.
11
Let f = 1 + 1. Suppose 14 = f*t - 4. What are the prime factors of t?
3
Let k = 3 + -9. Let o = 24 - k. What are the prime factors of o?
2, 3, 5
Suppose x - m + 1 - 13 = 0, -64 = -5*x + 4*m. Let i = x - 11. List the prime factors of i.
5
Let u be (-1)/(7/4 + -2). What are the prime factors of 4/(-4)*(-8)/u?
2
Suppose o + 2*l + 9 = 2*o, -5*o + l = -18. Suppose -2*w = o*w - 10. List the prime factors of w.
2
Suppose 4 = 2*j, 3*j = 3*n - n + 406. Let x be n/(-35) - (-2)/7. Suppose 0 = a - 2*h - 18, a = -2*h + x - 0. List the prime factors of a.
2, 3
Suppose 14*v - 11*v - 72 = 0. List the prime factors of v.
2, 3
Suppose 5*w = 141 + 84. What are the prime factors of w?
3, 5
Let x = -83 + 190. What are the prime factors of x?
107
Let y(s) be the second derivative of -2*s - 1/2*s**2 - 1/2*s**5 - 1/3*s**3 + 0 - 1/12*s**4. What are the prime factors of y(-1)?
2, 5
Let q(d) = -d**3 - 14*d**2 + 14*d - 15. Let k be q(-15). Suppose -2*v - 2*z = -72, k = 5*v - 3*z - 189 + 25. What are the prime factors of v?
2, 17
Let a be (-530)/(-7) + (-4)/(-14). Suppose 4*t - 2*t = a. List the prime factors of t.
2, 19
Let s(u) = -u**3 - 3*u**2 + 3*u + 3. List the prime factors of s(-5).
2, 19
Suppose a = -5*f + 208, -4*f - 152 = -2*a + 334. What are the prime factors of a?
233
Suppose o + z - 185 = -z, -565 = -3*o - 4*z. What are the prime factors of o?
3, 5, 13
Let v = 38 - -13. List the prime factors of v.
3, 17
Let d = 24 + -12. Suppose -4*h + l + 0*l + d = 0, 0 = -2*h + 2*l + 6. What are the prime factors of h?
3
Let y be (-38)/(-3) + 2/(-3). What are the prime factors of 64/y + (-4)/(-6)?
2, 3
List the prime factors of ((-18)/24*-8)/(6/8).
2
Suppose -3*q + 4*q = 9. Let b = 1 + q. List the prime factors of b.
2, 5
Let u = 13 + 60. List the prime factors of u.
73
Let k be 4/(-10) + 24/10. Let c be (k - -3)/((-2)/(-10)). Suppose 0 = q - 5*w - 5, 7*q - 4*w = 2*q + c. List the prime factors of q.
5
Let f be (-6)/(-8) + 210/(-24). Let x = 13 + f. Suppose 2*y + 2 = n, -y = -0*n + x*n - 21. List the prime factors of n.
2
Let m(g) = 4*g + g**2 + 4 + 2 - 3*g. Let b = 18 - 18. What are the prime factors of m(b)?
2, 3
Let m(i) = 3*i - 3. Let r(k) = 12*k**3 - k. Let w be r(1). List the prime factors of m(w).
2, 3, 5
Suppose -173 = -5*t - 33. Let s be 8/t - 2/7. Suppose s*q + 10 = q. What are the prime factors of q?
2, 5
Suppose 3*r = 6*m - 2*m - 80, 0 = 5*m + r - 100. List the prime factors of m.
2, 5
Suppose 5*i = -2*o - 0*o + 74, -2*i - 8 = 0. List the prime factors of o.
47
Suppose 161 = 5*q + 4*f, -3*q + 0*f = -4*f - 103. What are the prime factors of q?
3, 11
Let m be ((-3)/2)/((-18)/(-480)). Let r = m + 57. List the prime factors of r.
17
Let h be (-1)/((-2)/(0 + -4)). Let o = 16 - h. What are the prime factors of o?
2, 3
Let c(h) = -1 - h**2 + 3*h**2 + 0*h - 3*h. What are the prime factors of c(3)?
2
Suppose s = -s + 4. Let b be s + (2 - 0) + 2. Let c = b + -3. List the prime factors of c.
3
Let r be (-2)/8 - (-546)/8. Suppose -3*a - r = a. Let n = -10 - a. What are the prime factors of n?
7
What are the prime factors of (-6)/(-12)*(-222)/(-3)?
37
List the prime factors of (25/(-10))/((-3)/30).
5
List the prime factors of (12/(-15))/(1/(-20)).
2
Let n be 1/((-1 + 0)/(-1)). Suppose -4*p + 5 = n. What are the prime factors of (p - 4*3)*-1?
11
Suppose 0 = 4*y + 4*y - 496. List the prime factors of y.
2, 31
Suppose -4*q = 4, -2*y + 2*q - 903 = -7*y. List the prime factors of y.
181
Suppose 0 = 2*m + 1 - 7. Let h(s) = 3 + 2*s - 4*s + s + 4*s. List the prime factors of h(m).
2, 3
Let b = -5 - -7. Let n(v) = v**2 - 1. List the prime factors of n(b).
3
Suppose -h = -2*h. Let t(b) = -b**3 + b + 15. List the prime factors of t(h).
3, 5
Suppose 5*y = 5*i - 0*i - 10, i - 2*y - 4 = 0. Suppose i = 4*w + 3*f + 1, 5*w = w + f + 11. What are the prime factors of 11 + 2/(-2) + w?
2, 3
Let k(s) = 6*s**3 + s - 2. Let o be k(2). Suppose f - 4*f = -o. Let m = f - 5. List the prime factors of m.
11
Let o be 1/(-4) + (-194)/(-8). Suppose -2*r + 58 = o. List the prime factors of r.
17
What are the prime factors of (3 + 756/8)*(-4)/(-6)?
5, 13
Let p(t) = -t**2 - 16 + 5*t - 6*t - 5*t - 7*t. Let z be p(-11). Suppose -o + z = -6. What are the prime factors of o?
2, 3
Suppose -41 = -4*u + 11. Suppose -u = 4*b + 3. What are the prime factors of 1 - -1 - (b + 2)?
2
Suppose -6*d + 5*d = -99. Let u = d + -59. Let k = u - 27. List the prime factors of k.
13
Let a be (-1)/(2*(-1)/6). Suppose 0 = 4*t - 20 + 4. Suppose 2*d = 4*h + t*d - 40, -a*d - 20 = -2*h. What are the prime factors of h?
2, 5
Let x be 9/(-5) + (-1)/5. Let q be x/(1/(-2)*-1). Let k = q - -19. List the prime factors of k.
3, 5
Suppose -7 = 2*p - p. Let u = p - -16. What are the prime factors of u?
3
Let t(p) = -44*p - 11. List the prime factors of t(-4).
3, 5, 11
Let v be (0 - -1)/(5/15). Suppose 0*y + 4*y - 23 = -v*q, -2*q + 20 = 5*y. What are the prime factors of q?
5
Let r(t) = t**2 + 10*t + 3. Let h be r(-10). Suppose h*l - 26 = l. List the prime factors of l.
13
List the prime factors of (-28)/6*(-108)/14.
2, 3
Suppose 3*o + 2*x = 7*x + 887, 2*x = 4*o - 1178. What are the prime factors of o?
2, 3, 7
Let k(x) = 10*x + 5. List the prime factors of k(15).
5, 31
Let w(f) = -f**2 + 2*f. Let z be w(4). Let v(o) = -o**2 - 10*o + 2. Let q be v(z). What are the prime factors of q/1 + 9/3?
3, 7
Let s(n) = -14*n + 2. List the prime factors of s(-2).
2, 3, 5
What are the prime factors of (32/(-4))/(-4) + 248/2?
2, 3, 7
Suppose 4*o + 30 = 7*o. List the prime factors of o.
2, 5
Let t(i) = -i - 4. Let c be t(-4). Suppose 4*a - a - 96 = 3*f, c = -5*a + 4*f + 161. What are the prime factors of a?
3, 11
Suppose -3*o - 2*w + 111 = 0, 3*o - w = 2*o + 42. What are the prime factors of o?
3, 13
Suppose q = -i, 0 = -5*i - 2*q - 0*q. Suppose -3*d - 4*g + 48 = i, 5*d - 7*g - 80 = -3*g. List the prime factors of d.
2
Let b(v) = v + 1. Let c be b(-1). Suppose 3*d = f + 28 - c, -5*d = 5*f - 40. What are the prime factors of d?
3
Let c(d) = -d**3 - 16*d**2 + 6. Let b be c(-16). Let m(j) = -j + 1. Let g be m(1). Suppose g = -q - q + b. List the prime factors of q.
3
Suppose 44 = 3*d + d. List the prime factors of d.
11
Let v(c) be the first derivative of c**2/2 + 2*c - 2. Let q be v(-2). Suppose q = -5*w - 2*s + 12, 9*w + 5*s = 4*w. What are the prime factors of w?
2
Let l = 14 + 10. List the prime factors of l.
2, 3
Let j(q) = -8*q**3 - 12*q**2 - 14*q. Let r(b) = -3*b**3 - 4*b**2 - 5*b. Let z(p) = -4*j(p) + 11*r(p). What are the prime factors of z(4)?
2
Let h(t) be the first derivative of t**5/60 + t**4/24 + 11*t**3/6 + t**2 + 2. Let c(n) be the second derivative of h(n). What are the prime factors of c(0)?
11
Let h(v) = -53*v - 6. List the prime factors of h(-2).
2, 5
What are the prime factors of (-162 + -6 - -2)*2/(-4)?
83
Let t(o) = 2*o**2 + 12*o + 8. List the prime factors of t(-10).
2, 11
Let j(k) = 2*k**3 - 4*k. Let u be j(-3). Let m = u - -142. Suppose